2*r + r. Let s be (r/(-7))/(2/(-1)). Calculate the highest common factor of s and 2.
1
Let n(o) = -3*o + 54. Let l be n(16). What is the greatest common factor of 12 and l?
6
Let s(x) = 2*x**2 + 2*x. Let n be s(2). Suppose -25*u + 288 = -17*u. Calculate the greatest common factor of n and u.
12
Let h(t) = -t**2 - 4*t - 6. Let r be h(-4). Let k = r - -13. Calculate the highest common factor of k and 1.
1
Suppose 18 = 2*q - 2. Suppose -q = 4*y + 2. Let t be ((-1)/y)/((-1)/(-21)). Calculate the highest common divisor of 7 and t.
7
Suppose -4 = -3*g - g, -5*g = t - 15. Calculate the highest common factor of t and 1.
1
Let m be (4/(-12))/((-3)/(-27)). Let c be (2/m)/((-6)/36). Suppose 3*x - 16 = -4*q - 7, 4*q + 4*x = c. What is the highest common factor of 66 and q?
6
Let s = 122 - 86. Suppose -2*c + 4 + 6 = 0. Suppose w - 5*r + s = 5*w, 3*r - 58 = -c*w. What is the greatest common divisor of w and 14?
14
Suppose -2*k + 36 - 2 = 0. What is the greatest common factor of 153 and k?
17
Let y = -56 - -116. What is the greatest common factor of y and 480?
60
Let x(u) = u**3 + 5*u**2 + 2*u - 5. Let y be x(-4). Suppose -2*a + 0*a = -r - 10, 0 = -2*a - y*r - 6. Calculate the greatest common factor of a and 27.
3
Let b = -361 - -529. Calculate the highest common divisor of b and 21.
21
Let v be (4/3)/(2/6). Suppose -v*n = 2*u - 16, 0 = 5*n - n - u - 28. Suppose -3*p = -19 - 17. Calculate the greatest common divisor of n and p.
6
Let k(a) = 14*a - 5. Let i be k(1). Calculate the highest common factor of 6 and i.
3
Let f be 3/9 - (-190)/(-3). Let a be ((-108)/f)/((-4)/(-14)). Suppose -h - 40 = -4*g - 2*h, 4*h - 16 = 0. What is the greatest common factor of a and g?
3
Let d be 768/(-20) - (-4)/10. Let m be d/(-8) - 3/(-12). Calculate the greatest common divisor of 10 and m.
5
Let p(c) = 6*c**2 + 4*c - 1. Let n be p(1). What is the highest common factor of 1 and n?
1
Let r(h) = h**2 - 2. Let m be r(-2). Suppose -3*z = -0*v - v - 365, -m*v = 3*z - 350. Suppose a + z = 5*a. Calculate the greatest common factor of 10 and a.
10
Let n be ((-75)/20)/(2/(-16)). Calculate the highest common factor of 45 and n.
15
Let d be (1 + -3)*138/(-3). Suppose f + 323 = 5*s - 119, -d = -s + 2*f. Calculate the greatest common divisor of 22 and s.
22
Let y = -71 + 131. What is the greatest common divisor of 12 and y?
12
Suppose 5*l = -3 - 2. Let a be (-1 + 0/(-1))/1. Let z be a - (2*l + -4). Calculate the greatest common divisor of 5 and z.
5
Suppose 5*d - 3*v + 2 = -49, -2*d = -4*v + 12. Let c = -8 - d. Suppose -x + c = -u, 0 = -5*x - u - 2*u + 44. What is the highest common divisor of x and 7?
7
Let s = 41 + -76. Let t = 59 + s. Calculate the greatest common divisor of t and 60.
12
Suppose -3*s = 4*m - 27, s + 5 + 0 = m. Calculate the highest common factor of 48 and m.
6
Suppose 0*p = -5*p. Suppose 2*v - 4 + 0 = p. Calculate the highest common divisor of v and 3.
1
Let n(y) = -y**3 + y**2 + 2*y + 41. Let k be n(0). Calculate the highest common factor of 287 and k.
41
Let s(n) = -n**2 + n + 31. Let a be s(6). Calculate the highest common divisor of a and 5.
1
Suppose 4 - 7 = -q. What is the greatest common divisor of 15 and q?
3
Suppose 4*s - 2*s = 3*d + 82, -5*d = -2*s + 90. Let m(l) = -3*l**3 + 3*l**2 + 5. Let f be m(-4). What is the greatest common divisor of f and s?
35
Suppose -2*x + 3*q = q, -5*x + 5 = -4*q. Suppose 5*h = -3*p + 356, x*h - 307 - 161 = -4*p. What is the greatest common factor of p and 16?
16
Let r = -3 + 6. Let q = 14 + r. What is the greatest common factor of q and 153?
17
Let y = 16 + -6. Let j(g) = -2*g + 35. Let u(k) = k - 17. Let l(q) = -4*j(q) - 9*u(q). Let n be l(y). What is the greatest common divisor of n and 6?
3
Let i = 140 + -130. Let f(l) = 110*l**3 - l + 1. Let p be f(1). What is the greatest common factor of p and i?
10
Let y be (-2)/7 - (-23)/7. Suppose -3*x + 4*r + 7 = 0, 3*r - r = 4. Suppose x = 4*a - y. Calculate the greatest common divisor of 14 and a.
2
Let i = 347 - 204. Calculate the highest common factor of 13 and i.
13
Suppose x + 0*x = 4. Let f = 2 + 1. Suppose -x*a = 4, -2*k + f*a + 22 = 5*a. What is the highest common factor of 108 and k?
12
Let x be (-14)/(-4) - (-3)/(-6). What is the highest common divisor of 33 and x?
3
Let s = -40 - -49. Calculate the highest common factor of 18 and s.
9
Let n = -2 - -4. Suppose 0 = -0*j - 5*j + 30. What is the highest common divisor of j and n?
2
Let q = -35 - -42. Suppose -2*b - b + 21 = 2*m, -5*b + m = -35. Calculate the greatest common factor of q and b.
7
Let m be 4/18 - 1440/(-81). Calculate the highest common factor of 90 and m.
18
Let f = -140 + 145. What is the highest common factor of 40 and f?
5
Let v(c) = -c. Let d be v(7). Let y = d + 11. Calculate the highest common divisor of y and 12.
4
Let r(h) = -h + 1. Let a(p) = p**3 + 13*p**2 - 11*p + 9. Let m(l) = a(l) + 3*r(l). Let i be m(-14). What is the greatest common factor of 3 and i?
3
Let s(q) = -q + 4. Let m be s(2). Suppose -54 = -0*c - m*c. Calculate the greatest common divisor of 27 and c.
27
Let x be 12 + -14 + 1*35. What is the highest common factor of x and 132?
33
Let k(r) = -3*r - 18. Let d be k(-7). Suppose h = d + 8. Suppose 2*x + y = 159, -2*y = x + x - 164. What is the highest common factor of x and h?
11
Suppose -2*t + u + 4 = 3*u, 4*t + 2*u - 12 = 0. Let c be 13/1 + (1 - 1). Suppose 2*q + c = -t*n + 45, 5*n = 0. What is the highest common divisor of q and 32?
16
Suppose 3 - 2 = -5*j + t, 2*t - 2 = 5*j. Let p(r) = r**2 - 6*r. Let l be p(5). Let u = j - l. What is the highest common factor of u and 25?
5
Let i be (-2)/(-4) - (-1573)/26. Let j = i - 21. Calculate the greatest common divisor of 5 and j.
5
Suppose -96 = -s - 3*s. Let k(t) = 11*t**2 - t. Let q be k(-1). Calculate the greatest common divisor of q and s.
12
Suppose -4*g - 4 = 0, 1 = z - g - 6. Let c be 4/6 - 4/z. Let p be (c - -1)/((-2)/(-8)). Calculate the highest common factor of p and 20.
4
Let n be 20/(3 + (-5)/2). Calculate the greatest common divisor of n and 5.
5
Let u(v) = -35*v + 2. Let l be u(-2). Let f be (-6)/(-30)*-2 - (-276)/15. Calculate the greatest common factor of f and l.
18
Suppose -4*w + 2*o - 38 = 0, -17 = w - 0*o + o. Suppose 0 = -u - 0*u - 24. Let d = w - u. What is the greatest common divisor of 12 and d?
12
Let d be (-3)/(2/(-24)*2). Let b be (18/(-8))/(4/(-96)). Calculate the highest common factor of b and d.
18
Let u = 420 - 300. Let r = -13 + 28. Calculate the greatest common factor of r and u.
15
Let f(t) = -t**2 + 3*t + 10. Let a be f(6). Let l(y) = -y**3 - 8*y**2 - 7*y - 8. Let v be l(a). What is the highest common divisor of v and 6?
6
Suppose -4*u - q + 131 = 20, -2*u - 5*q + 33 = 0. Suppose -4*b + 7 = -u. What is the highest common divisor of 81 and b?
9
Suppose -s = -5*s + 12. Suppose 0 = 3*a - 2*a + 2*m - 27, 3*a - s*m = 45. What is the greatest common factor of 19 and a?
19
Suppose 11*c - 4*c - 539 = 0. Let n = 24 - 13. Calculate the highest common divisor of c and n.
11
Let k be 1/(-4)*(-4 - 6)*2. What is the greatest common divisor of k and 40?
5
Let f be (-25)/6 - (-1)/6. Let k be 2 - f/4 - -3. Calculate the greatest common factor of k and 24.
6
Let a(w) = -w**2 + w + 55. Let m = -7 + 7. Let i be a(m). Suppose -3*x - 4*c + 27 = -c, 2*c - 23 = -3*x. What is the highest common divisor of i and x?
5
Let h(y) = -10*y - 8. Let u be h(-4). Calculate the highest common divisor of u and 4.
4
Let y = 36 + -26. Let p be (-2)/y - 1824/(-20). What is the highest common factor of 13 and p?
13
Let q be 57 - 2/(-8)*0/(-1). What is the highest common factor of 38 and q?
19
Suppose -5*r + 70 = 2*n - 16, -5*n + 79 = 4*r. Suppose -o = -5*o + 64. Calculate the highest common factor of o and r.
16
Let y(v) = 23*v - 4. Let o be y(8). Calculate the greatest common divisor of 18 and o.
18
Let z = 70 - 51. Calculate the highest common factor of 437 and z.
19
Let f be (-4)/14 + (-46)/(-14). Suppose v = -5*u + 17, 0 + f = -v. Calculate the highest common divisor of 4 and u.
4
Suppose -19*k = -13*k - 36. Let d(t) = 2*t**2 + 3 - 2*t**2 + t**2 + 5*t. Let v be d(-6). Calculate the greatest common factor of v and k.
3
Let k(d) = -d**2 - 8*d - 9. Let l be k(-7). Let v be 1900/36 + l/(-9). Suppose -m + v + 7 = 0. Calculate the greatest common div